{"id":149,"date":"2018-09-19T18:23:47","date_gmt":"2018-09-19T18:23:47","guid":{"rendered":"https:\/\/theater.figoe.ch\/?page_id=149"},"modified":"2024-11-14T22:06:31","modified_gmt":"2024-11-14T22:06:31","slug":"festwirtschaft","status":"publish","type":"page","link":"https:\/\/theater.figoe.ch\/?page_id=149","title":{"rendered":"Sponsoren"},"content":{"rendered":"<p>Ein herzlichen Dank an unsere Inserenten und G\u00f6nner. Mit ihrer grossz\u00fcgigen Unterst\u00fctzung tragen sie viel zum guten Gelingen des Theaters bei!<\/p>\n<ul>\n<li><a href=\"http:\/\/www.aktivbalance.ch\" target=\"_blank\" rel=\"noopener noreferrer\">AktivBalance GmbH<\/a>, Niederwil<\/li>\n<li><a href=\"https:\/\/albi-keramik.ch\/\" target=\"_blank\" rel=\"noopener\">Albi Keramik GmbH<\/a>, Fischbach-G\u00f6slikon<\/li>\n<li><a href=\"http:\/\/www.baeckerei-wirth.ch\" target=\"_blank\" rel=\"noopener noreferrer\">B\u00e4ckerei Wirth<\/a>, Niederwil<\/li>\n<li><a href=\"http:\/\/www.billerbeck.ch\" target=\"_blank\" rel=\"noopener noreferrer\">Billerbeck Schweiz AG,<\/a> Fischbach-G\u00f6slikon<\/li>\n<li><a href=\"https:\/\/bracolux.ch\/\" target=\"_blank\" rel=\"noopener\">Bracolux Leuchten AG<\/a>, Zufikon<\/li>\n<li><a href=\"http:\/\/www.coiffure-stone.ch\" target=\"_blank\" rel=\"noopener noreferrer\">Coiffure Stone,<\/a> Fischbach-G\u00f6slikon<\/li>\n<li><a href=\"http:\/\/www.confida-treuhand.ch\" target=\"_blank\" rel=\"noopener noreferrer\">Confida Treuhand GmbH<\/a>, Fischbach-G\u00f6slikon<\/li>\n<li><a href=\"https:\/\/www.cranio-corina.ch\/\" target=\"_blank\" rel=\"noopener\">Cranio Corina<\/a>, Oberrohrdorf<\/li>\n<li><a href=\"http:\/\/www.fuxag.ch\" target=\"_blank\" rel=\"noopener noreferrer\">Elektro Fux AG,<\/a> Bremgarten<\/li>\n<li><a href=\"https:\/\/elisha-seiler.wixsite.com\/elishaleuenberger\/uebermich\" target=\"_blank\" rel=\"noopener noreferrer\">Elisha Leuenberger<\/a>, Fischbach-G\u00f6slikon<\/li>\n<li><a href=\"https:\/\/www.energiebalance-meier.ch\/\" target=\"_blank\" rel=\"noopener\">EnergieBalance Petra Meier<\/a>, Fischbach-G\u00f6slikon<\/li>\n<li><a href=\"http:\/\/www.eventflowers.ch\" target=\"_blank\" rel=\"noopener noreferrer\">Eventflowers.ch<\/a>, Fischbach-G\u00f6slikon<\/li>\n<li><a href=\"https:\/\/garage-koller.ch\/\" target=\"_blank\" rel=\"noopener\">Garage Koller<\/a>, Othmarsingen<\/li>\n<li><a href=\"http:\/\/www.loewen-boswil.ch\/index.html\" target=\"_blank\" rel=\"noopener\">Gasthof L\u00f6wen<\/a>, Boswil<\/li>\n<li><a href=\"http:\/\/www.gefluegelhof-gisi.ch\" target=\"_blank\" rel=\"noopener noreferrer\">Gefl\u00fcgelhof Gisi<\/a>, Mellingen<\/li>\n<li><a href=\"https:\/\/www.utzgroup.ch\/gefahrgutbehaelter\/?gad_source=1&amp;gclid=Cj0KCQjwi5q3BhCiARIsAJCfuZn86x8hYCq573-eN9YoGcEtKJKEb0UEEGqCs8CKc3HfUIOCddyV6CUaAlMYEALw_wcB\" target=\"_blank\" rel=\"noopener\">Georg Utz AG<\/a>, Bremgarten<\/li>\n<li><a href=\"http:\/\/www.hayloft-it.ch\" target=\"_blank\" rel=\"noopener noreferrer\">Hayloft-IT GmbH,<\/a> Mellingen<\/li>\n<li><a href=\"https:\/\/ramona-hebamme.onrender.com\/\" target=\"_blank\" rel=\"noopener\">Hebamme Ramona<\/a>, Fischbach-G\u00f6slikon<\/li>\n<li><a href=\"http:\/\/www.hufschmid-gartenbau.ch\" target=\"_blank\" rel=\"noopener noreferrer\">Hufschmid Gartenbau AG,<\/a> Fischbach-G\u00f6slikon<\/li>\n<li><a href=\"http:\/\/www.imkerei-weber.ch\" target=\"_blank\" rel=\"noopener noreferrer\">Imkerei Weber<\/a>, Fischbach-G\u00f6slikon<\/li>\n<li><a href=\"https:\/\/www.jemako-shop.com\/eisenring\/\" target=\"_blank\" rel=\"noopener\">Jemako-Vertriebspartner Eisenring<\/a>, Fischbach-G\u00f6slikon<\/li>\n<li><a href=\"https:\/\/www.jes.swiss\/\" target=\"_blank\" rel=\"noopener\">Jes GmbH<\/a>, Fischbach-G\u00f6slikon<\/li>\n<li><a href=\"http:\/\/www.jordi-plan.ch\" target=\"_blank\" rel=\"noopener noreferrer\">Jordi-Plan GmbH,<\/a> Fischbach-G\u00f6slikon<\/li>\n<li><a href=\"https:\/\/kottmann-gurzeler.ch\/cms\/\" target=\"_blank\" rel=\"noopener\">Kottmann + Gurzeler AG<\/a>, Fischbach-G\u00f6slikon<\/li>\n<li><a href=\"https:\/\/magiccarwash.ch\/\" target=\"_blank\" rel=\"noopener\">Magic Car Wash GmbH<\/a>, Zufikon<\/li>\n<li><a href=\"https:\/\/www.malerei-knopf.ch\/\" target=\"_blank\" rel=\"noopener\">Malerei Knopf<\/a>, Seengen<\/li>\n<li><a href=\"http:\/\/www.maenis-partyservice.ch\" target=\"_blank\" rel=\"noopener noreferrer\">M\u00e4ni&#8217;s Partyservice GmbH,<\/a> Fischbach-G\u00f6slikon<\/li>\n<li><a href=\"https:\/\/www.marti-metzg.ch\/\" target=\"_blank\" rel=\"noopener\">Marti Metzgerei GmbH<\/a>, Muri<\/li>\n<li><a href=\"http:\/\/www.meiermetallbau.ch\" target=\"_blank\" rel=\"noopener noreferrer\">Meier Metallbau AG,<\/a> Fischbach-G\u00f6slikon<\/li>\n<li><a href=\"http:\/\/www.melittayoga.ch\" target=\"_blank\" rel=\"noopener noreferrer\">Melitta-Yoga,<\/a> Fischbach-G\u00f6slikon<\/li>\n<li><a href=\"https:\/\/pipari-art.com\/\">Pipari Art<\/a>, Fischbach-G\u00f6slikon<\/li>\n<li><a href=\"http:\/\/www.lohren.ch\" target=\"_blank\" rel=\"noopener noreferrer\">Restaurant Lohren,<\/a> Fischbach-G\u00f6slikon<\/li>\n<li><a href=\"https:\/\/ruedi-weber.ch\/\" target=\"_blank\" rel=\"noopener\">Ruedi Weber AG<\/a>, Fischbach-G\u00f6slikon<\/li>\n<li><a href=\"https:\/\/schnuezischuer.wixsite.com\/seiler\" target=\"_blank\" rel=\"noopener noreferrer\">Schn\u00fczi Sch\u00fcr,<\/a> Fischbach-G\u00f6slikon<\/li>\n<li><a href=\"http:\/\/www.sweber.ch\" target=\"_blank\" rel=\"noopener noreferrer\">S. Weber Sanit\u00e4r Heizung GmbH<\/a>, Nesselnbach<\/li>\n<li><a href=\"http:\/\/www.vitamassage.ch\" target=\"_blank\" rel=\"noopener noreferrer\">Vitamassage Gesundheitspraxis<\/a>, Fischbach-G\u00f6slikon<\/li>\n<\/ul>\n\n\n<p><\/p>\n","protected":false},"excerpt":{"rendered":"<p>Ein herzlichen Dank an unsere Inserenten und G\u00f6nner. Mit ihrer grossz\u00fcgigen Unterst\u00fctzung tragen sie viel zum guten Gelingen des Theaters bei! AktivBalance GmbH, Niederwil Albi Keramik GmbH, Fischbach-G\u00f6slikon B\u00e4ckerei Wirth, Niederwil Billerbeck Schweiz AG, Fischbach-G\u00f6slikon Bracolux Leuchten AG, Zufikon Coiffure Stone, Fischbach-G\u00f6slikon Confida Treuhand GmbH, Fischbach-G\u00f6slikon Cranio Corina, Oberrohrdorf Elektro<\/p>\n","protected":false},"author":2,"featured_media":0,"parent":0,"menu_order":0,"comment_status":"closed","ping_status":"closed","template":"","meta":{"footnotes":""},"class_list":["post-149","page","type-page","status-publish","hentry"],"_links":{"self":[{"href":"https:\/\/theater.figoe.ch\/index.php?rest_route=\/wp\/v2\/pages\/149","targetHints":{"allow":["GET"]}}],"collection":[{"href":"https:\/\/theater.figoe.ch\/index.php?rest_route=\/wp\/v2\/pages"}],"about":[{"href":"https:\/\/theater.figoe.ch\/index.php?rest_route=\/wp\/v2\/types\/page"}],"author":[{"embeddable":true,"href":"https:\/\/theater.figoe.ch\/index.php?rest_route=\/wp\/v2\/users\/2"}],"replies":[{"embeddable":true,"href":"https:\/\/theater.figoe.ch\/index.php?rest_route=%2Fwp%2Fv2%2Fcomments&post=149"}],"version-history":[{"count":28,"href":"https:\/\/theater.figoe.ch\/index.php?rest_route=\/wp\/v2\/pages\/149\/revisions"}],"predecessor-version":[{"id":1007,"href":"https:\/\/theater.figoe.ch\/index.php?rest_route=\/wp\/v2\/pages\/149\/revisions\/1007"}],"wp:attachment":[{"href":"https:\/\/theater.figoe.ch\/index.php?rest_route=%2Fwp%2Fv2%2Fmedia&parent=149"}],"curies":[{"name":"wp","href":"https:\/\/api.w.org\/{rel}","templated":true}]}}